h = 1434 - x. Suppose 0 = -0*r + 2*r - h. Is r prime?
False
Let z be (1 + -49)/((-17)/(-170)). Let t = z - -1002. Suppose -4*d + 3*l = -1216, -t = 5*d + 4*l - 2073. Is d a composite number?
False
Suppose 6*z - 4*o + 1760 = 4*z, -3*o - 885 = z. Is (2/(-6))/(6/z) a composite number?
True
Let h(q) = 294*q**3 + 19*q - 12. Is h(5) composite?
False
Suppose -3*r + 2069 = -c, -801 = -4*r + 3*c + 1951. Is r a composite number?
False
Let j(x) = 5*x**3 + 3*x**2 - 58. Is j(12) prime?
False
Suppose -26 = -6*a + 4*a. Suppose 203*z - 197*z = 816. Let h = z - a. Is h composite?
True
Suppose -12*h + 10425 = 1917. Is h composite?
False
Suppose s - 20 = -4*z, -z - 2*z + 4*s = 4. Suppose -3*r = 2*r + 5*y, 0 = -5*y - 10. Suppose -4*v = -m - 271, 0 = -5*v + r*v - z*m + 189. Is v a prime number?
True
Suppose l = 12 + 8. Let k = -15 + l. Is (4 + (-1112)/(-20))*k prime?
False
Let d be 0/2 + (1548 - 13). Suppose l + d = 6*l. Is l a composite number?
False
Let b = 44940 + -22735. Is b a composite number?
True
Let j(u) = 23*u - 8. Suppose k - 3*o - 22 = -10, -20 = -5*k + 5*o. Let q be (k/(-2))/3 - -13. Is j(q) composite?
True
Suppose 23*k + 3*k - 889798 = 0. Is k prime?
False
Is 1*-2521*1/(-1) a composite number?
False
Is 1/((-2)/(-8)*-1) + 18599 a composite number?
True
Suppose 3*s + 145 = 4*p, -p = -2*s + 4*s + 93. Let q = -22 - s. Is 5/(q/831)*5 composite?
True
Suppose -4*i = -4*l - 3*i + 29568, 2*l = -3*i + 14770. Is l composite?
True
Let z(v) = 4*v**3 - v. Let a be z(2). Let d be 4/a + 8/(-60). Suppose 2*s - 138 = -d*s. Is s composite?
True
Let p(m) = -2*m**2 - 3*m + 2. Let j be p(-3). Let w(t) = -29*t - 218. Let h be w(-8). Let z = j + h. Is z a composite number?
False
Suppose 9*t = 7*t - 5*m + 13286, 19955 = 3*t + m. Is t prime?
True
Let c(y) = 17*y**2 - 7. Let k be c(-3). Let r = 245 + k. Is r prime?
False
Let t be (-1 - 1)*(-12)/8. Suppose 731 = t*v + 245. Suppose f + 47 = v. Is f prime?
False
Let d(k) be the first derivative of 11/2*k**2 - 16*k + 8. Is d(13) composite?
False
Let b be (-8)/10*(3 + -8). Suppose j + v + 19 = 211, -b*j - v = -765. Is j prime?
True
Let o(l) = l**2 - 6*l + 4. Let j be o(6). Is (6/j)/((-3)/(-124)) a prime number?
False
Let n(w) = 93*w - 226. Is n(21) prime?
False
Let l = 156010 + -107259. Is l a composite number?
False
Let l be (-10)/4 + (-10050)/(-4). Let r = l - 1149. Is r a composite number?
False
Let k(x) = 2*x**2 + 28*x - 75. Is k(-23) prime?
False
Suppose 11*b + 3768 = 120929. Is b a composite number?
False
Let h(g) = -g**2 + g + 1. Let u(p) = -4*p**2 + 6*p + 13. Let n(a) = -5*h(a) + u(a). Let l be n(6). Let x = l - 28. Is x prime?
False
Let j(h) = 3*h**3 - h**2 + 7*h - 10. Suppose -5 = -2*t + 3. Is j(t) a prime number?
False
Let z be (4/(-3))/(2/456). Let a be (-16 - -20)/((-2)/(-213)). Let y = z + a. Is y a prime number?
False
Let v(y) = -y**2 + 15*y + 21. Suppose -4*p = -m - 66, 5*p = 2*m - 0*m + 84. Let g be v(p). Is (-37*(g - 2))/(-1) a prime number?
False
Suppose 10*d + 44001 = 19*d. Is d prime?
True
Let p(a) = -a - 1. Let b(m) = -7*m - 23. Let t(u) = 14*u + 47. Let w(x) = 5*b(x) + 3*t(x). Let y(k) = 4*p(k) + w(k). Is y(9) composite?
True
Let f = 18 - 9. Suppose n = -5 + f. Let k(d) = 50*d + 5. Is k(n) composite?
True
Let d(l) = -5 - 2 - l**2 - l**3 - l**2 + 12*l + 0. Let y be d(8). Let h = 846 + y. Is h prime?
False
Let h(f) = 333*f**2 + 30*f - 116. Is h(7) a composite number?
False
Let o be (-59)/1*(-111)/37. Let j(r) = r**2 - r - 4. Let y be j(0). Is o - ((-4)/y)/(-1) prime?
False
Suppose -4*k = -5*x - 50, -5*x - 2*k - 32 = -12. Let s be 3 - (-129)/x*-2. Is (-3)/(-4)*s*2 a composite number?
True
Is (-1)/(-15) - (-5832630)/675 a prime number?
True
Suppose -6146 = -4*n - 262. Is n a composite number?
False
Let z(y) = -11*y. Let s(t) = 34*t - 1. Let f(r) = 3*s(r) + 8*z(r). Let x(h) = 15*h - 2. Let k(v) = 4*f(v) - 5*x(v). Is k(-3) a composite number?
True
Let f(j) = -59*j + 70. Is f(-12) composite?
True
Let l = -10 - -24. Is (-2420)/(-7) - l/(-49) a prime number?
False
Is ((-2876130)/(-720))/((-1)/(-8)) composite?
False
Suppose -5*o + 6 - 15 = b, -4*b = 3*o + 2. Is 4/(-18) - (32696/(-36) + b) composite?
False
Let d be (2/4 - 1)*0. Suppose 3*u - 2*u + 5 = -3*r, d = r - 2*u - 10. Suppose r*a - 5*a = -175. Is a prime?
False
Let b(r) = -r**3 - r**2 + 3*r - 209. Let o(h) = -h**3 - h**2 + 3*h - 209. Let u(a) = 2*b(a) - 3*o(a). Is u(0) a composite number?
True
Let f = -504 - -274. Let t = 1178 + -691. Let z = t + f. Is z prime?
True
Let r = -51229 + 71990. Is r a prime number?
False
Is 1 + 7904 + -2 + 0 a prime number?
False
Let j(n) = 141*n**2 - 66*n + 23. Is j(-10) prime?
True
Let s = 10 + 0. Let h(r) = 3*r**2 + 15*r - 11. Is h(s) a prime number?
True
Suppose -2*l + o = -466, l + 4*o - 125 = 99. Suppose -2*b - s + 256 = 0, 5*b - 873 = -3*s - l. Is b a composite number?
False
Suppose 0 = 2*g + 2*g - 16. Let h be g/16 - (-2)/(-8). Suppose 3*d - 39 = 2*d - i, -2*i = h. Is d prime?
False
Let l(z) = 54*z + 31. Suppose 5*u + 4*m - 8*m = 64, 0 = -2*u - 4*m + 48. Is l(u) prime?
False
Suppose -52 - 13 = 5*r. Let o(h) = -h**3 - 11*h**2 + 20*h + 19. Is o(r) a prime number?
True
Suppose 19*d + 132475 = 24*d. Is d/42 - 2/(-12) a composite number?
False
Let u be 2/((-2 + 0)/(-4)). Let i be u/(-26) + 2/13. Suppose 5*p - 3*m - 638 = i, 4*m - 8*m = 3*p - 377. Is p a composite number?
False
Is (3 - (-10)/(-3))/(2/(-26286)) a composite number?
True
Let q(g) = -34*g**2 + 20*g. Let r be q(8). Let p = r - -4879. Is p a prime number?
False
Let k(m) = m**3 + 7*m**2 - 4*m + 3. Let q(z) = z + 5. Let b be q(-12). Is k(b) a prime number?
True
Suppose 3*k = 2*g - 50440, k - 67993 = -5*g + 58090. Is g a composite number?
True
Let z(l) = 13*l**2 - 129*l - 23. Is z(30) a prime number?
False
Suppose 0 = 293*u - 296*u + 12189. Is u a composite number?
True
Suppose 49*r + 13726 = 336783. Is r prime?
False
Let x(h) = -21433*h**3 - 5*h**2 - 9*h - 4. Is x(-1) composite?
False
Let y(i) = -689*i**3 - i. Let w be y(1). Let c = 1199 + w. Is c a composite number?
False
Let h(c) = -1611*c + 215. Is h(-12) a prime number?
False
Suppose 4*l + 2047 = -19869. Let w = -2738 - l. Is w composite?
False
Is (312 + -1)/(-9 + 10) prime?
True
Let g(h) = 184*h**3 + 19. Is g(5) prime?
False
Suppose -7*n + 15549 - 2620 = 0. Is n composite?
False
Suppose -4*x + 2*y = 38 - 166, -4*x + 122 = -5*y. Is ((-628)/6)/((10/x)/(-5)) a composite number?
True
Let g be (-3 - 6/(-2))*(-3)/(-3). Suppose -5*t + 5*u + 405 = g, 2*t - 4*u - 46 = 120. Is t composite?
False
Suppose 4*b + 0 = -12, -3*t - 18 = 5*b. Let u be 0 + 126*3 + t. Suppose 2280 = 5*a - 5*o, -2*a + 550 = -5*o - u. Is a a composite number?
True
Let z be ((-3)/(-1))/(2/4). Let h(p) be the first derivative of 25*p**2/2 - p + 15. Is h(z) a prime number?
True
Is (-8)/18 + 249970/90 composite?
False
Is 16/72 + 11/(-9) - -5510 a prime number?
False
Let l(r) = 10767*r + 3. Let y be l(3). Let i(u) = -u**2 + u + 17. Let v be i(5). Is y/72*v/(-2) a composite number?
False
Let f be 37/7 - 14/49. Let y(j) = -5*j**2 + 6*j - 2 - j**3 - 4 - 1 - f*j. Is y(-6) a composite number?
False
Suppose -3*o + 5 = -2*o. Let n be (-2)/o*90/(-36). Let r(y) = 88*y**3 + y**2 + y - 1. Is r(n) a composite number?
False
Let f be (-17)/(-9) + 11/99. Suppose q - 5*c + 9 = 52, 3*q - 89 = -5*c. Suppose -f*h = q - 149. Is h prime?
False
Let y(g) = g + 3. Let j be y(-3). Suppose j = -2*x - 4, -2*x + 0*x = -3*n + 1564. Suppose -c + v + 1049 = 3*c, 2*c - n = 2*v. Is c a composite number?
False
Is 5*26094/75*(-10)/(-4) prime?
True
Let n = 19 - 14. Is 4/22 - n/(110/(-13482)) a prime number?
True
Let c be 894/9 - 1/3. Let r be 25/7 - (-52)/(-91). Suppose -c - 132 = -r*j. Is j composite?
True
Suppose 0 = 37*h - 106565 - 244232. Is h a prime number?
False
Let v(z) = z**3 - 5*z**2 - 17*z - 10. Suppose 0 = -5*g + 39 + 16. Is v(g) composite?
True
Suppose -3*r = -2*p + 80126, r = -5*p - 3*r + 200315. Is p a prime number?
True
Let y = 3542 - 1811. Is y composite?
True
Suppose 18 = 5*r + 2*p - 5, 0 = 3*r - 3*p + 3. Suppose 5*k - 1 = 3*f, -r*k + 12 = f + f. Suppose k*w - 221 = -5*z + 246, 15 = 5*z. Is w a composite number?
True
Let q(j) = j**2 - 14*j - 5. Let l(x) = -x**2 + 28*x + 9. Let u(k) = 4*l(k) + 7*q(k). Let n be 4/3*(-60)/8. Is u(n) a prime number?
False
Suppose -16*m + 788161 -